{"id":1175,"date":"2023-04-01T13:07:27","date_gmt":"2023-04-01T11:07:27","guid":{"rendered":"https:\/\/www.freezersig.pl\/?page_id=1175"},"modified":"2023-07-10T17:19:50","modified_gmt":"2023-07-10T15:19:50","slug":"pv-produkcja","status":"publish","type":"page","link":"https:\/\/www.freezersig.pl\/?page_id=1175","title":{"rendered":"PV-PRODUKCJA"},"content":{"rendered":"\n<figure class=\"wp-block-image size-large\"><a href=\"https:\/\/www.freezersig.pl\/wp-content\/uploads\/2023\/07\/2023-TOTAL3-scaled.jpg\"><img loading=\"lazy\" decoding=\"async\" width=\"1024\" height=\"576\" src=\"https:\/\/www.freezersig.pl\/wp-content\/uploads\/2023\/07\/2023-TOTAL3-1024x576.jpg\" alt=\"\" class=\"wp-image-1239\" srcset=\"https:\/\/www.freezersig.pl\/wp-content\/uploads\/2023\/07\/2023-TOTAL3-1024x576.jpg 1024w, https:\/\/www.freezersig.pl\/wp-content\/uploads\/2023\/07\/2023-TOTAL3-300x169.jpg 300w, https:\/\/www.freezersig.pl\/wp-content\/uploads\/2023\/07\/2023-TOTAL3-768x432.jpg 768w, https:\/\/www.freezersig.pl\/wp-content\/uploads\/2023\/07\/2023-TOTAL3-1536x864.jpg 1536w, https:\/\/www.freezersig.pl\/wp-content\/uploads\/2023\/07\/2023-TOTAL3-2048x1152.jpg 2048w\" sizes=\"auto, (max-width: 1024px) 100vw, 1024px\" \/><\/a><\/figure>\n\n\n\n<figure class=\"wp-block-image size-large\"><a href=\"https:\/\/www.freezersig.pl\/wp-content\/uploads\/2023\/04\/2023-02-159kWp-scaled.jpg\"><img loading=\"lazy\" decoding=\"async\" width=\"1024\" height=\"576\" src=\"https:\/\/www.freezersig.pl\/wp-content\/uploads\/2023\/04\/2023-02-159kWp-1024x576.jpg\" alt=\"\" class=\"wp-image-1176\" srcset=\"https:\/\/www.freezersig.pl\/wp-content\/uploads\/2023\/04\/2023-02-159kWp-1024x576.jpg 1024w, https:\/\/www.freezersig.pl\/wp-content\/uploads\/2023\/04\/2023-02-159kWp-300x169.jpg 300w, https:\/\/www.freezersig.pl\/wp-content\/uploads\/2023\/04\/2023-02-159kWp-768x432.jpg 768w, https:\/\/www.freezersig.pl\/wp-content\/uploads\/2023\/04\/2023-02-159kWp-1536x864.jpg 1536w, https:\/\/www.freezersig.pl\/wp-content\/uploads\/2023\/04\/2023-02-159kWp-2048x1152.jpg 2048w\" sizes=\"auto, (max-width: 1024px) 100vw, 1024px\" \/><\/a><\/figure>\n\n\n\n<figure class=\"wp-block-image size-large\"><a href=\"https:\/\/www.freezersig.pl\/wp-content\/uploads\/2023\/04\/2023-03-297kWp-scaled.jpg\"><img loading=\"lazy\" decoding=\"async\" width=\"1024\" height=\"576\" src=\"https:\/\/www.freezersig.pl\/wp-content\/uploads\/2023\/04\/2023-03-297kWp-1024x576.jpg\" alt=\"\" class=\"wp-image-1177\" srcset=\"https:\/\/www.freezersig.pl\/wp-content\/uploads\/2023\/04\/2023-03-297kWp-1024x576.jpg 1024w, https:\/\/www.freezersig.pl\/wp-content\/uploads\/2023\/04\/2023-03-297kWp-300x169.jpg 300w, https:\/\/www.freezersig.pl\/wp-content\/uploads\/2023\/04\/2023-03-297kWp-768x432.jpg 768w, https:\/\/www.freezersig.pl\/wp-content\/uploads\/2023\/04\/2023-03-297kWp-1536x864.jpg 1536w, https:\/\/www.freezersig.pl\/wp-content\/uploads\/2023\/04\/2023-03-297kWp-2048x1152.jpg 2048w\" sizes=\"auto, (max-width: 1024px) 100vw, 1024px\" \/><\/a><\/figure>\n\n\n\n<figure class=\"wp-block-image size-large\"><a href=\"https:\/\/www.freezersig.pl\/wp-content\/uploads\/2023\/06\/2023-04-476kWp-scaled.jpg\"><img loading=\"lazy\" decoding=\"async\" width=\"1024\" height=\"576\" src=\"https:\/\/www.freezersig.pl\/wp-content\/uploads\/2023\/06\/2023-04-476kWp-1024x576.jpg\" alt=\"\" class=\"wp-image-1202\" srcset=\"https:\/\/www.freezersig.pl\/wp-content\/uploads\/2023\/06\/2023-04-476kWp-1024x576.jpg 1024w, https:\/\/www.freezersig.pl\/wp-content\/uploads\/2023\/06\/2023-04-476kWp-300x169.jpg 300w, https:\/\/www.freezersig.pl\/wp-content\/uploads\/2023\/06\/2023-04-476kWp-768x432.jpg 768w, https:\/\/www.freezersig.pl\/wp-content\/uploads\/2023\/06\/2023-04-476kWp-1536x864.jpg 1536w, https:\/\/www.freezersig.pl\/wp-content\/uploads\/2023\/06\/2023-04-476kWp-2048x1152.jpg 2048w\" sizes=\"auto, (max-width: 1024px) 100vw, 1024px\" \/><\/a><\/figure>\n\n\n\n<figure class=\"wp-block-image size-large\"><a href=\"https:\/\/www.freezersig.pl\/wp-content\/uploads\/2023\/06\/2023-05-753kWp-scaled.jpg\"><img loading=\"lazy\" decoding=\"async\" width=\"1024\" height=\"576\" src=\"https:\/\/www.freezersig.pl\/wp-content\/uploads\/2023\/06\/2023-05-753kWp-1024x576.jpg\" alt=\"\" class=\"wp-image-1203\" srcset=\"https:\/\/www.freezersig.pl\/wp-content\/uploads\/2023\/06\/2023-05-753kWp-1024x576.jpg 1024w, https:\/\/www.freezersig.pl\/wp-content\/uploads\/2023\/06\/2023-05-753kWp-300x169.jpg 300w, https:\/\/www.freezersig.pl\/wp-content\/uploads\/2023\/06\/2023-05-753kWp-768x432.jpg 768w, https:\/\/www.freezersig.pl\/wp-content\/uploads\/2023\/06\/2023-05-753kWp-1536x864.jpg 1536w, https:\/\/www.freezersig.pl\/wp-content\/uploads\/2023\/06\/2023-05-753kWp-2048x1152.jpg 2048w\" sizes=\"auto, (max-width: 1024px) 100vw, 1024px\" \/><\/a><\/figure>\n\n\n\n<figure class=\"wp-block-image size-large\"><a href=\"https:\/\/www.freezersig.pl\/wp-content\/uploads\/2023\/07\/2023-06-738kWp-scaled.jpg\"><img loading=\"lazy\" decoding=\"async\" width=\"1024\" height=\"576\" src=\"https:\/\/www.freezersig.pl\/wp-content\/uploads\/2023\/07\/2023-06-738kWp-1024x576.jpg\" alt=\"\" class=\"wp-image-1242\" srcset=\"https:\/\/www.freezersig.pl\/wp-content\/uploads\/2023\/07\/2023-06-738kWp-1024x576.jpg 1024w, https:\/\/www.freezersig.pl\/wp-content\/uploads\/2023\/07\/2023-06-738kWp-300x169.jpg 300w, https:\/\/www.freezersig.pl\/wp-content\/uploads\/2023\/07\/2023-06-738kWp-768x432.jpg 768w, https:\/\/www.freezersig.pl\/wp-content\/uploads\/2023\/07\/2023-06-738kWp-1536x864.jpg 1536w, https:\/\/www.freezersig.pl\/wp-content\/uploads\/2023\/07\/2023-06-738kWp-2048x1152.jpg 2048w\" sizes=\"auto, (max-width: 1024px) 100vw, 1024px\" \/><\/a><\/figure>\n\n\n\n<p>Czy trzeba zg\u0142asza\u0107 instalacj\u0119 balkonow\u0105.<\/p>\n\n\n\n<figure class=\"wp-block-image size-large\"><a href=\"https:\/\/www.freezersig.pl\/wp-content\/uploads\/2023\/07\/Instalacja-PV-do-800Wp.png\"><img loading=\"lazy\" decoding=\"async\" width=\"955\" height=\"1024\" src=\"https:\/\/www.freezersig.pl\/wp-content\/uploads\/2023\/07\/Instalacja-PV-do-800Wp-955x1024.png\" alt=\"\" class=\"wp-image-1245\" srcset=\"https:\/\/www.freezersig.pl\/wp-content\/uploads\/2023\/07\/Instalacja-PV-do-800Wp-955x1024.png 955w, https:\/\/www.freezersig.pl\/wp-content\/uploads\/2023\/07\/Instalacja-PV-do-800Wp-280x300.png 280w, https:\/\/www.freezersig.pl\/wp-content\/uploads\/2023\/07\/Instalacja-PV-do-800Wp-768x824.png 768w, https:\/\/www.freezersig.pl\/wp-content\/uploads\/2023\/07\/Instalacja-PV-do-800Wp-1432x1536.png 1432w, https:\/\/www.freezersig.pl\/wp-content\/uploads\/2023\/07\/Instalacja-PV-do-800Wp.png 1488w\" sizes=\"auto, (max-width: 955px) 100vw, 955px\" \/><\/a><\/figure>\n","protected":false},"excerpt":{"rendered":"<p>Czy trzeba zg\u0142asza\u0107 instalacj\u0119 balkonow\u0105.<\/p>\n","protected":false},"author":1,"featured_media":0,"parent":0,"menu_order":0,"comment_status":"closed","ping_status":"closed","template":"","meta":{"footnotes":""},"class_list":["post-1175","page","type-page","status-publish","hentry"],"_links":{"self":[{"href":"https:\/\/www.freezersig.pl\/index.php?rest_route=\/wp\/v2\/pages\/1175","targetHints":{"allow":["GET"]}}],"collection":[{"href":"https:\/\/www.freezersig.pl\/index.php?rest_route=\/wp\/v2\/pages"}],"about":[{"href":"https:\/\/www.freezersig.pl\/index.php?rest_route=\/wp\/v2\/types\/page"}],"author":[{"embeddable":true,"href":"https:\/\/www.freezersig.pl\/index.php?rest_route=\/wp\/v2\/users\/1"}],"replies":[{"embeddable":true,"href":"https:\/\/www.freezersig.pl\/index.php?rest_route=%2Fwp%2Fv2%2Fcomments&post=1175"}],"version-history":[{"count":4,"href":"https:\/\/www.freezersig.pl\/index.php?rest_route=\/wp\/v2\/pages\/1175\/revisions"}],"predecessor-version":[{"id":1247,"href":"https:\/\/www.freezersig.pl\/index.php?rest_route=\/wp\/v2\/pages\/1175\/revisions\/1247"}],"wp:attachment":[{"href":"https:\/\/www.freezersig.pl\/index.php?rest_route=%2Fwp%2Fv2%2Fmedia&parent=1175"}],"curies":[{"name":"wp","href":"https:\/\/api.w.org\/{rel}","templated":true}]}}